sor of 18930 and 120.
30
Calculate the highest common factor of 342 and 255987.
171
What is the highest common divisor of 14999 and 848?
53
Calculate the greatest common divisor of 220 and 218185.
55
Calculate the greatest common divisor of 23835 and 1050.
105
What is the highest common divisor of 5 and 5004455?
5
Calculate the highest common factor of 20830 and 10.
10
What is the greatest common divisor of 411122 and 7329?
349
Calculate the greatest common factor of 593112 and 6.
6
What is the greatest common divisor of 268647 and 21009?
447
What is the highest common factor of 27 and 2822229?
27
What is the greatest common divisor of 820817 and 737?
67
Calculate the greatest common divisor of 19331713 and 647.
647
What is the greatest common factor of 115 and 339595?
115
What is the highest common factor of 15876 and 612?
36
What is the greatest common factor of 21777 and 3808?
119
What is the greatest common divisor of 143420 and 1616?
404
What is the highest common divisor of 6973605 and 1395?
1395
What is the highest common divisor of 6248 and 3377?
11
What is the greatest common divisor of 74 and 211159?
37
What is the greatest common divisor of 103 and 196421?
103
Calculate the highest common divisor of 4476 and 84.
12
What is the highest common divisor of 3776 and 11564?
236
What is the highest common factor of 25670 and 17?
17
Calculate the highest common divisor of 255677 and 668.
167
What is the greatest common factor of 536 and 77452?
268
Calculate the highest common factor of 6281 and 30834.
571
Calculate the greatest common divisor of 17896 and 240.
8
What is the highest common factor of 482573 and 91?
91
Calculate the highest common divisor of 3280 and 11644.
164
Calculate the highest common factor of 32284 and 2660.
28
Calculate the highest common divisor of 421 and 2285188.
421
Calculate the greatest common factor of 4615 and 211935.
355
Calculate the greatest common factor of 23108 and 8586.
106
Calculate the highest common divisor of 3 and 445.
1
What is the highest common factor of 1018460 and 20?
20
What is the highest common factor of 492947 and 91?
91
What is the greatest common factor of 6162 and 273?
39
What is the greatest common factor of 4345 and 6320?
395
Calculate the greatest common divisor of 142308 and 125316.
2124
What is the highest common divisor of 38 and 5694718?
38
Calculate the highest common divisor of 1080 and 7800.
120
What is the greatest common factor of 5708680 and 215?
215
What is the highest common divisor of 152160 and 480?
480
What is the greatest common divisor of 34 and 13501043?
17
Calculate the greatest common factor of 4840 and 179960.
440
Calculate the highest common factor of 3675 and 718095.
735
What is the greatest common divisor of 854718 and 9?
3
Calculate the highest common factor of 1080 and 5320.
40
Calculate the greatest common divisor of 170 and 7208.
34
What is the highest common divisor of 81666 and 12402?
234
Calculate the highest common divisor of 18197 and 217.
31
Calculate the greatest common divisor of 91 and 328809.
13
What is the highest common divisor of 16647 and 465?
93
What is the greatest common divisor of 197566 and 1730?
346
What is the greatest common factor of 4045856 and 32?
32
What is the highest common divisor of 9810 and 360?
90
Calculate the greatest common divisor of 2127144 and 12.
12
What is the greatest common factor of 51 and 141?
3
Calculate the greatest common factor of 148 and 34558.
74
Calculate the greatest common factor of 7055 and 1.
1
Calculate the highest common factor of 1166 and 1474.
22
Calculate the highest common divisor of 542 and 1658.
2
What is the highest common factor of 4951279 and 23?
23
What is the greatest common divisor of 1680 and 1325310?
210
What is the highest common factor of 111381 and 274?
137
Calculate the greatest common divisor of 3246377 and 339.
113
What is the greatest common factor of 188 and 16826?
94
What is the greatest common factor of 138 and 39514?
46
Calculate the greatest common factor of 3784162 and 214.
214
What is the greatest common divisor of 204569 and 62?
31
What is the highest common divisor of 30840 and 200?
40
Calculate the highest common factor of 15288 and 6279.
273
Calculate the highest common factor of 38627 and 535.
107
What is the greatest common factor of 1271 and 6778243?
1271
What is the greatest common factor of 4351 and 6251?
19
Calculate the greatest common factor of 20723 and 3910.
391
Calculate the greatest common divisor of 558480 and 52.
52
Calculate the greatest common factor of 10509324 and 49.
49
What is the highest common divisor of 1159 and 11224?
61
What is the greatest common factor of 5022 and 3564?
162
Calculate the highest common factor of 17537 and 7657.
247
What is the greatest common divisor of 118 and 30857?
59
Calculate the highest common divisor of 297 and 7711.
11
Calculate the greatest common factor of 1255 and 8283.
251
Calculate the highest common divisor of 56165 and 188.
47
What is the greatest common factor of 1385 and 86147?
277
What is the highest common factor of 2611 and 2044?
7
What is the highest common factor of 15145 and 260?
65
Calculate the highest common divisor of 20828 and 26924.
508
Calculate the highest common divisor of 1510 and 81238.
302
Calculate the highest common divisor of 174 and 87232.
58
What is the highest common factor of 1146 and 54?
6
What is the greatest common divisor of 5836301 and 151?
151
What is the highest common factor of 96 and 393728?
32
Calculate the greatest common factor of 2016 and 5256.
72
Calculate the highest common factor of 16914 and 18.
6
What is the greatest common divisor of 68753 and 1379?
197
Calculate the highest common factor of 143 and 325.
13
Calculate the highest common factor of 11635 and 14320.
895
Calculate the greatest common factor of 4698 and 24882.
174
Calculate the greatest common factor of 48418 and 172.
86
What is the greatest common divisor of 135 and 52065?
45
Calculate the highest common factor of 168992 and 1504.
32
What is the highest common divisor of 137328 and 48?
48
Calculate the highest common divisor of 119133 and 217.
217
Calculate the greatest common divisor of 817 and 387.
43
Calculate the greatest common divisor of 35 and 313271.
7
Calculate the greatest common divisor of 29835 and 826605.
1755
Calculate the highest common divisor of 959508 and 44.
44
What is the highest common factor of 6 and 4358?
2
Calculate the greatest common factor of 67 and 329171.
67
Calculate the highest common divisor of 944196 and 933.
933
Calculate the highest common divisor of 64 and 14328.
8
What is the highest common divisor of 131224 and 376?
376
Calculate the highest common factor of 568 and 1143668.
284
What is the highest common divisor of 22 and 89617?
11
What is the highest common divisor of 10555 and 25?
5
Calculate the highest common factor of 234 and 1122.
6
What is the highest common divisor of 135279 and 117?
9
What is the greatest common factor of 708 and 2724?
12
Calculate the highest common factor of 250 and 293875.
125
What is the highest common factor of 954 and 3604?
106
Calculate the greatest common divisor of 3 and 4449.
3
Calculate the highest common factor of 16604 and 70.
14
What is the highest common divisor of 71 and 114239?
71
Calculate the greatest common factor of 651 and 18597.
3
Calculate the greatest common divisor of 400 and 10784.
16
Calculate the greatest common divisor of 416 and 1113346.
26
What is the highest common factor of 1650630 and 60?
30
What is the highest common divisor of 3926 and 117?
13
Calculate the greatest common divisor of 2755 and 1240.
5
Calculate the highest common divisor of 3471 and 39.
39
Calculate the highest common divisor of 58380 and 4620.
420
What is the greatest common divisor of 290476 and 2626?
202
Calculate the highest common factor of 105 and 697515.
105
Calculate the greatest common divisor of 284 and 6745.
71
Calculate the greatest common factor of 22 and 87461.
11
What is the highest common factor of 242 and 4534?
2
Calculate the highest common factor of 11288 and 9112.
136
What is the highest common divisor of 9728 and 19584?
128
What is the greatest common factor of 32 and 128624?
16
What is the highest common factor o